3) to base 8.
-633661
What is -1044404101 (base 5) in base 8?
-10734437
5030664 (base 7) to base 16
9174c
What is 127811 (base 14) in base 3?
1012021200002
What is 23303032 (base 4) in base 2?
1011110011001110
Convert -10221022011221 (base 3) to base 11.
-11aa029
What is -2204513 (base 6) in base 12?
-53739
Convert -310168 (base 12) to base 5.
-144024311
Convert -90a02 (base 11) to base 5.
-13223411
Convert 132403 (base 6) to base 5.
342433
Convert 6b621a (base 15) to base 2.
10011100101011000011010
What is 204276 (base 10) in base 5?
23014101
Convert -c643ca (base 14) to base 10.
-6696126
102011201022 (base 3) to base 2
110101101100101110
What is -1d83b7 (base 14) in base 5?
-232404213
What is aaa7 (base 16) in base 15?
ce27
20011100111 (base 3) to base 10
121270
-302044142 (base 5) to base 10
-1206172
What is 3aa22 (base 14) in base 11?
99776
1112120111220 (base 3) to base 7
6645516
2562d (base 16) to base 13
54916
Convert -2212222120110 (base 3) to base 12.
-620356
Convert -331303211 (base 4) to base 11.
-163223
Convert 256278 (base 15) to base 3.
10101002002212
What is -14bbc1 (base 14) in base 2?
-10110000110000011101
20202221100 (base 3) to base 11
91219
Convert 1010000101100101 (base 2) to base 14.
110b3
-95323 (base 13) to base 7
-2166001
-4974b5 (base 12) to base 2
-100100011101100001001
Convert -d87115 (base 14) to base 15.
-998678
Convert 5a532a (base 11) to base 6.
32314255
Convert 24ca7d (base 15) to base 8.
6565426
What is 535380 (base 11) in base 12?
353650
What is 2663b (base 12) in base 15?
1096b
-44562050 (base 7) to base 8
-16572572
-21012012010102 (base 3) to base 12
-1343b3b
c4c919 (base 15) to base 6
532321553
-133781 (base 11) to base 14
-566d1
Convert 302123101 (base 4) to base 2.
110010011011010001
What is -a4961 (base 13) in base 9?
-501026
Convert 61479b (base 16) to base 9.
12886262
Convert 4022400 (base 6) to base 11.
11a659
Convert -40460 (base 10) to base 8.
-117014
102552515 (base 6) to base 8
6740437
What is 72baa (base 15) in base 6?
11444024
What is -510597 (base 15) in base 6?
-214254211
Convert -12d3dc (base 15) to base 5.
-212433012
Convert 195047 (base 11) to base 2.
1001001001000000110
-22145450 (base 6) to base 11
-416476
Convert -c523da (base 15) to base 9.
-18565617
What is 410207 (base 8) in base 2?
100001000010000111
-26309c (base 14) to base 11
-818683
Convert -4db163 (base 15) to base 16.
-38f64c
-1135534 (base 8) to base 13
-ab1c6
What is -465146 (base 12) in base 7?
-12410220
What is -36562 (base 14) in base 9?
-222121
Convert -1f581 (base 16) to base 13.
-4658a
What is 603554 (base 7) in base 11?
6a829
What is -262613 (base 8) in base 7?
-530566
-494458 (base 13) to base 5
-422024013
12030136 (base 7) to base 13
2b4353
-300555 (base 11) to base 8
-1660752
-43241164 (base 7) to base 12
-129ba47
Convert 1113131202 (base 4) to base 2.
1010111011101100010
Convert 324502130 (base 6) to base 9.
11857000
Convert -1a518cb (base 13) to base 14.
-1221792
2732a47 (base 12) to base 10
7780951
What is 22220010101 (base 3) in base 5?
21100201
5700351 (base 8) to base 14
2c14b7
-224153210 (base 6) to base 12
-1468806
3120303310 (base 4) to base 10
888052
Convert -692337 (base 10) to base 13.
-1b3189
Convert 121201103213 (base 4) to base 7.
110602304
Convert -112320053 (base 6) to base 3.
-10220121121020
Convert -334111003 (base 5) to base 14.
-2a495a
Convert 35450514 (base 6) to base 3.
2002102211001
-2049033 (base 12) to base 8
-27120347
138487 (base 10) to base 12
68187
What is -101111011101110010101 (base 2) in base 7?
-16135355
Convert 145361206 (base 7) to base 4.
211003031230
What is -5587d (base 16) in base 6?
-11301525
What is -814e (base 15) in base 16?
-6aa3
Convert 10120221012 (base 3) to base 12.
34a88
What is 10011011100001011101 (base 2) in base 3?
1012100211101
What is -6324 (base 14) in base 10?
-17084
What is 101120021000112 (base 3) in base 6?
320202152
Convert -113310233212 (base 4) to base 12.
-211225a
Convert 126b326 (base 12) to base 8.
15655016
What is 8cb35 (base 13) in base 7?
2116362
What is 1001111011010001 (base 2) in base 14?
10b61
What is 1001011001011101000 (base 2) in base 7?
2421540
Convert 10021122020101 (base 3) to base 14.
335b53
What is 27cc0 (base 14) in base 6?
2040144
Convert 1110111011000011 (base 2) to base 13.
21a8a
What is 1359925 (base 10) in base 2?
101001100000000110101
What is -1100110001111110110000 (base 2) in base 13?
-90401a
What is db865d (base 14) in base 8?
34276273
What is 1336623 (base 7) in base 14?
48a4a
1202303 (base 4) to base 6
45135
What is -73352c (base 13) in base 12?
-a99ba8
What is -320412453 (base 6) in base 15?
-7639d9
Convert -6778c (base 13) to base 3.
-100112221121
Convert 12888154 (base 9) to base 16.
614cf5
What is 1011110101101110 (base 2) in base 14?
1395c
1a4fd (base 16) to base 9
173747
What is -236209 (base 11) in base 13?
-101475
What is 101102132021 (base 4) in base 13?
c28b26
-225101 (base 7) to base 11
-28209
3104100 (base 6) to base 4
210102210
What is 1210101223 (base 4) in base 9?
685367
What is -15e0c3 (base 16) in base 5?
-331340140
What is -cd51 (base 16) in base 14?
-15225
What is 517e8 (base 16) in base 15?
68d85
5548211 (base 9) to base 5
1231002243
What is -114674 (base 13) in base 9?
-684058
Convert -1586c5 (base 16) to base 10.
-1410757
Convert 401b1 (base 16) to base 6.
5343345
Convert 1413793 (base 10) to base 2.
101011001001010100001
What is 657685 (base 9) in base 4?
1133320331
What is 735504 (base 8) in base 5?
30311143
Convert -1223333322 (base 4) to base 10.
-442362
Convert 3410020 (base 5) to base 7.
336646
10212000121 (base 3) to base 11
51a79
Convert 434945 (base 12) to base 15.
160bd2
Convert 7d90e2 (base 15) to base 13.
1322c81
What is -10120012210000 (base 3) in base 10?
-1893780
Convert 12010 (base 10) to base 5.
341020
100010001001001101111110 (base 2) to base 14
128dc86
-10222011110102 (base 3) to base 12
-858818
What is 21313023110 (base 4) in base 3?
11212100100212
35723404 (base 9) to base 2
1000010100000100111010100
Convert 5c1855 (base 13) to base 6.
115114120
Convert 111001010110010111110 (base 2) to base 4.
13022302332
What is -2213429 (base 10) in base 14?
-418901
What is -1144 (base 13) in base 10?
-2422
Convert -515d01 (base 14) to base 8.
-12356775
-101100011101000100011111 (base 2) to base 4
-230131010133
-678ab1 (base 12) to base 11
-a2a36a
Convert 12241014223 (base 5) to base 13.
30a7608
Convert 100102202200212 (base 3) to base 14.
947679
What is -bde7 (base 15) in base 11?
-28287
Convert -102120122222222 (base 3) to base 5.
-3033413332
Convert -2320413213 (base 5) to base 15.
-6d9e23
Convert -10012222001020 (base 3) to base 11.
-a6a054
Convert -433642 (base 8) to base 15.
-2d0c9
-aba431 (base 14) to base 2
-10110001111000111011011
Convert 11122012011 (base 3) to base 16.
16480
Convert 16611315 (base 8) to base 14.
72ac33
-a113a (base 13) to base 6
-10101241
Convert 104213214 (base 6) to base 13.
50c5b1
What is 2838a6 (base 13) in base 14?
1b6b97
Convert 220111012022 (base 3) to base 2.
1110101101011011100
Convert -13b46 (base 16) to base 12.
-3a85a
What is -121101325 (base 6) in base 7?
-25333544
What is -4c4c02 (base 13) in base 15?
-264c17
What is 17006300 (base 8) in base 4?
33000303000
-b4842 (base 15) to base 14
-10c781
Convert b02294 (base 12) to base 14.
514ca4
What is 111030112102 (base 4) in base 8?
25142622
Convert 1cc600 (base 13) to base 9.
1350011
11000000101001 (base 2) to base 6
133025
3100302 (base 8) to base 12
33622a
11101221012 (base 3) to base 2
10101001010101110
Convert -556223 (base 7) to base 6.
-2034405
Convert -8296 (base 13) to base 7.
-103405
10122020022 (base 3) to base 5
4242422
What is -1120331320 (base 4) in base 14?
-96b32
Convert -4ae00 (base 16) to base 4.
-1022320000
-261313 (base 10) to base 7
-2135563
What is -111130002 (base 4) in base 5?
-10302220
-308ac7 (base 15) to base 6
-121243054
102004422 (base 6) to base 5
423231300
Convert 4316542 (base 7) to base 5.
113311001
Convert -10447104 (base 8) to base 2.
-1000100100111001000100
-1173133 (base 10) to base 8
-4363215
What is 11000011000011110011 (base 2) in base 11?
4a6300
Convert 103919 (base 13) to base 5.
44120202
10422073 (base 8) to base 7
25006215
-10143224044 (base 5) to base 16
-a0940